 factor of f and j.
7
Let g = 5 - 5. Suppose -2*q + 7 + 19 = g. Suppose 16 - 471 = -5*f. Calculate the greatest common factor of f and q.
13
Let k = 88 + 133. Let w = k + -12. Calculate the greatest common factor of w and 19.
19
Let w be 4/(-24) + 242/12. What is the highest common factor of w and 10?
10
Let f(i) = i**3 - 5*i**2 + 5*i + 14. Let u be f(6). Calculate the highest common divisor of u and 10.
10
Suppose 0*s + 126 = 3*s. Calculate the highest common factor of s and 6.
6
Let q(s) = s**3 - 10*s**2 + 9*s + 13. Let w be q(9). Calculate the greatest common factor of w and 91.
13
Suppose -4*h = -c + 56, -356 = -5*c + 4*h - 3*h. Calculate the greatest common factor of c and 24.
24
Suppose 0 = 2*t + 3*w - 7, 3*t + 0*w - 21 = -w. Let a = -1 - -1. Let k be 66 - (4 + a)/2. What is the highest common factor of k and t?
8
Suppose 4*m = -34 + 2. Let i be (-8)/(-3)*18/m. Let v be (i/1)/(3/(-20)). Calculate the highest common factor of v and 16.
8
Suppose -z + 5*x = -23, 5*x + 17 = 2*z - 14. Let q be 4/((-5)/((-25)/2)). Suppose -4*f + 22 = -q. Calculate the greatest common divisor of f and z.
8
Suppose -s - 3*g = 83 + 13, -384 = 4*s + 3*g. Let c = -16 - s. Let o be (-134)/12*-3 - 3/2. What is the greatest common divisor of o and c?
16
Let b(g) = -2 + 6*g - 5*g**2 - g**3 + 1 - 2*g**2. Let u be b(-8). What is the greatest common factor of u and 15?
15
Suppose -3*w = 2*w + 2*q - 60, -22 = -3*w - 4*q. Suppose 2 = 4*n - 6. What is the greatest common factor of w and n?
2
Suppose -5*v + 2*v - 2*j + 10 = 0, 14 = 5*v + 2*j. Calculate the greatest common divisor of 16 and v.
2
Let r(k) = -k**3 - 4*k**2 + 8*k - 10. Let z be r(-6). Calculate the highest common divisor of 28 and z.
14
Let d(w) = w + 10. Let l be d(0). Let k = 6 + -10. Let h be (6/k)/((-9)/420). Calculate the highest common divisor of h and l.
10
Let v(r) = r**2 + 8*r + 4. Let z be v(-8). Let a = 10 + z. Let g be (-4 - -2)*(-14)/4. What is the greatest common factor of g and a?
7
Let r be 3/(-3) + 2 + 1. Suppose 2*t - r*i - i = 14, 0 = 5*t - 2*i - 24. What is the greatest common factor of 32 and t?
4
Suppose 0 = t + 5, 20 = 2*j + t - 3. What is the greatest common factor of j and 14?
14
Let p(l) = -l + 19. Let j be p(15). Let w(o) = -3*o**2 + 8. Let x be w(-6). Let n be ((-2)/5)/(j/x). Calculate the highest common factor of n and 50.
10
Let t = 314 - 259. Let l(o) be the third derivative of o**4/6 - o**3/2 + o**2. Let c be l(2). What is the highest common factor of c and t?
5
Let k(n) = -3 - 6*n**2 + n**3 - 2 + 2*n**2 + 2*n. Let l be k(5). What is the highest common divisor of l and 45?
15
Let s(w) = -3*w**3 + w**2 + 2*w. Let u be s(-2). What is the highest common divisor of 240 and u?
24
Suppose -d + 15 = 3*s, 3*s - 4*d - 24 = s. Suppose y + x = 45, 88 + 35 = 3*y - x. Calculate the greatest common factor of y and s.
6
Let t(g) = 8*g**2 - 3*g + 4. Suppose 3*o = 3*w - 2*w + 12, 4*w - 8 = -2*o. Let y be t(o). Calculate the highest common divisor of 48 and y.
24
Let a(j) = -j**3 + 14*j**2 + 5*j - 22. Let k be a(14). Let m = 21 + 11. Calculate the greatest common divisor of m and k.
16
Let w = 31 + -22. Let a(s) = -s + 1. Let r be a(1). Suppose -2*y + 2 + 16 = r. Calculate the greatest common divisor of y and w.
9
Let s(c) = -59*c**2 + 2*c. Let t be s(2). Let l = t + 352. What is the highest common divisor of l and 15?
15
Let d(n) = 129*n**3 + 2*n**2 - 1. Let h be d(1). Calculate the greatest common divisor of h and 26.
26
Let d(x) = x**3 - 19*x**2 + 19*x + 3. Let l be d(18). Calculate the greatest common factor of l and 42.
21
Let u be 1*-1 + (-2 - -203). Suppose -n - 4*n = -u. Suppose -4*a + 4 = -12. Calculate the greatest common factor of n and a.
4
Suppose -h + 0*h = -11. Calculate the highest common divisor of h and 55.
11
Let i be ((-12)/4)/((-2)/(-22)). Let y = -18 - i. Let a be (1 - -1)*(-3)/(-2). What is the greatest common divisor of a and y?
3
Let k(m) = -2 + m**2 + m + 4 - 2*m - 4*m**3. Let c be k(-2). Calculate the highest common divisor of 8 and c.
8
Let j = 412 + -236. Let h(p) = 2*p**2 + 4*p - 2. Let b be h(4). Let f = b - 30. What is the highest common divisor of j and f?
16
Let m(v) = v**3 - 18*v**2 + 34*v - 20. Let x be m(16). Calculate the highest common divisor of 3 and x.
3
Let g(f) = f**3 + f**2 + 8*f**3 - f**3. Let d be ((5 - 2) + -5)/(-2). Let v be g(d). What is the highest common divisor of 9 and v?
9
Let r(h) = h + 2. Let y be r(-3). Let d = y + -1. Let j be d/(-3) + (-28)/(-3). What is the highest common factor of j and 2?
2
Let q(j) = 13*j - 33. Let r be q(9). Calculate the highest common factor of r and 36.
12
Suppose -271 = -3*n + 2. Calculate the greatest common factor of 13 and n.
13
Let m = 9 + -6. Let u be 18/m*(-1)/(-3). Let y be 1 + -1 + 90/u. What is the greatest common divisor of y and 9?
9
Suppose 5*l + l - 24 = 0. Calculate the greatest common divisor of 16 and l.
4
Let u = 201 - 163. Calculate the greatest common divisor of u and 114.
38
Let f = 2 + 1. Suppose 0*p = -f*p + 84. Suppose -45 = -5*i + 5*z, z - 3*z + 10 = 2*i. What is the greatest common factor of i and p?
7
Let a(b) = b**3 + 2. Let z be a(2). Suppose 7*i = 2*i. Suppose i = 3*c + c - 5*t - 75, 0 = -c + 5*t. Calculate the greatest common divisor of c and z.
5
Let o(s) = -3*s - 1. Let m be o(1). Suppose y - 6 = -x, 5*y - y = 3*x + 10. Let f be (-386)/m + y/(-8). Calculate the greatest common divisor of f and 12.
12
Suppose -3*r = -2*z - 5, -z = 3*r - 4*z. Calculate the greatest common divisor of r and 3.
1
Let c = -8 - -20. Calculate the highest common divisor of 12 and c.
12
Suppose -5*v - 71 + 11 = 0. Let d be 4/v - (-122)/6. Calculate the highest common divisor of 4 and d.
4
Let q(z) = 2*z**2 + 8*z - 11. Let j be q(-6). What is the greatest common factor of j and 26?
13
Suppose -3*b - 4 = -4*v + b, -5*v + b + 17 = 0. Let n(f) = -f**3 - 6*f**2 - 10*f - 2. Let c be n(-4). Calculate the highest common divisor of c and v.
2
Let d = -6 - -11. Let h = -5 + d. Suppose h*t + 5*t - 165 = 0. What is the greatest common divisor of 11 and t?
11
Suppose 14 = 4*z + 2*c, z - 39 = -3*z + 3*c. Calculate the greatest common divisor of 3 and z.
3
Let o be (-7 - -8)/((-2)/(-30)). What is the greatest common divisor of 45 and o?
15
Let f = 7 + -24. Let x = 1 - f. What is the greatest common factor of 6 and x?
6
Suppose 0 = 2*k + 2*k + 4*p - 1440, 0 = 5*k + 3*p - 1800. Suppose -i = -4*i + k. Calculate the greatest common factor of 15 and i.
15
Let w be 2 - 1 - 3 - -12. Let n(b) = -b**3 + 3*b**2 + 3*b - 4. Let z be n(3). Calculate the greatest common factor of w and z.
5
Let o = 7 - 5. Let u be 2 - -1 - (o - -5). Let b be (10/3)/(u/(-48)). Calculate the greatest common factor of 16 and b.
8
Suppose 4*l = -20, -4 = -4*f - 4*l - 0. Let n = 65 + -13. Suppose -m - 5*w = -63, m - w + 7 - n = 0. Calculate the highest common factor of f and m.
6
Suppose 5*m = -4*s + 45, 5*m = -3*s - 5 + 45. Suppose m*c + 165 = 8*c. What is the greatest common factor of 22 and c?
11
Suppose -5*n = x - 135, -3*n - 4*x + 17 = -47. Suppose 5*y + 3*j = 5*j + 108, -n = -2*y - 3*j. Calculate the highest common divisor of 4 and y.
4
Let y(d) = -d**3 - 6*d**2 - 5*d. Let n be y(-4). Let c = n - -17. Let p(s) = -s + 10. Let z be p(8). Calculate the greatest common divisor of z and c.
1
Let c(n) = -4*n**3 - n**2 + 2*n + 1. Let l be c(2). Let b = l - -67. Calculate the greatest common divisor of b and 54.
18
Let z be 0 + 5/(15/(-6)). Let l be ((-1)/z)/(3/18). Calculate the greatest common divisor of 3 and l.
3
Suppose -85 = 6*f - 241. What is the highest common factor of f and 39?
13
Let s(g) = -2*g - 3*g**2 + 3 + g**2 - 2*g**3 - 3. Let o be s(-3). What is the highest common divisor of o and 14?
14
Let x be 1*-6*25/(-5). What is the highest common factor of 10 and x?
10
Let a = 15 + -14. Let h = 1 + 4. Suppose h = j - a. What is the greatest common factor of 4 and j?
2
Let d be -45*((-88)/6)/2. Suppose 0*f + d = 3*f. What is the highest common factor of 10 and f?
10
Let y(b) = b**2 + 8*b + 8. Let o be y(-7). Let f be 2 - o*-1*39. Let u = -29 + f. What is the highest common divisor of u and 12?
12
Let a(i) be the first derivative of 7*i + 8/3*i**3 + 1/4*i**4 + 1 - i**2. Let f be a(-7). Calculate the greatest common divisor of 10 and f.
10
Let o be (